are the prime factors of 68255?
5, 11, 17, 73
List the prime factors of 54916.
2, 13729
What are the prime factors of 9252?
2, 3, 257
List the prime factors of 350.
2, 5, 7
List the prime factors of 95652.
2, 3, 2657
What are the prime factors of 2698?
2, 19, 71
List the prime factors of 364.
2, 7, 13
What are the prime factors of 14357?
7, 293
What are the prime factors of 2313?
3, 257
What are the prime factors of 4474?
2, 2237
List the prime factors of 3531.
3, 11, 107
What are the prime factors of 673?
673
List the prime factors of 1732.
2, 433
What are the prime factors of 3946?
2, 1973
List the prime factors of 30915.
3, 5, 229
List the prime factors of 1871.
1871
List the prime factors of 542.
2, 271
List the prime factors of 8353.
8353
List the prime factors of 6090.
2, 3, 5, 7, 29
What are the prime factors of 423?
3, 47
What are the prime factors of 26611?
13, 23, 89
List the prime factors of 52840.
2, 5, 1321
List the prime factors of 222.
2, 3, 37
What are the prime factors of 1582?
2, 7, 113
What are the prime factors of 1423?
1423
List the prime factors of 11351.
11351
What are the prime factors of 5187?
3, 7, 13, 19
What are the prime factors of 5891?
43, 137
What are the prime factors of 1554?
2, 3, 7, 37
What are the prime factors of 1492?
2, 373
List the prime factors of 2083.
2083
What are the prime factors of 300?
2, 3, 5
What are the prime factors of 1970?
2, 5, 197
List the prime factors of 42806.
2, 17, 1259
What are the prime factors of 6141?
3, 23, 89
What are the prime factors of 4074?
2, 3, 7, 97
List the prime factors of 540.
2, 3, 5
List the prime factors of 2937.
3, 11, 89
List the prime factors of 1291.
1291
What are the prime factors of 87221?
87221
List the prime factors of 4427.
19, 233
List the prime factors of 9837.
3, 1093
What are the prime factors of 24884?
2, 6221
What are the prime factors of 1044?
2, 3, 29
What are the prime factors of 32280?
2, 3, 5, 269
What are the prime factors of 4953?
3, 13, 127
List the prime factors of 947.
947
List the prime factors of 61087.
13, 37, 127
List the prime factors of 4612.
2, 1153
What are the prime factors of 300?
2, 3, 5
List the prime factors of 931.
7, 19
What are the prime factors of 22228?
2, 5557
What are the prime factors of 35151?
3, 11717
What are the prime factors of 3697?
3697
List the prime factors of 1798.
2, 29, 31
What are the prime factors of 33213?
3, 11071
List the prime factors of 135.
3, 5
List the prime factors of 1293.
3, 431
What are the prime factors of 7146?
2, 3, 397
What are the prime factors of 377?
13, 29
List the prime factors of 1595.
5, 11, 29
What are the prime factors of 75937?
75937
What are the prime factors of 2466?
2, 3, 137
What are the prime factors of 1045?
5, 11, 19
List the prime factors of 1793.
11, 163
List the prime factors of 15852.
2, 3, 1321
What are the prime factors of 5813?
5813
List the prime factors of 591.
3, 197
What are the prime factors of 1593?
3, 59
List the prime factors of 4717.
53, 89
List the prime factors of 5782.
2, 7, 59
List the prime factors of 370.
2, 5, 37
List the prime factors of 2025.
3, 5
List the prime factors of 24641.
41, 601
List the prime factors of 2467.
2467
List the prime factors of 2311.
2311
List the prime factors of 217.
7, 31
What are the prime factors of 683?
683
List the prime factors of 2857.
2857
What are the prime factors of 3422?
2, 29, 59
List the prime factors of 31752.
2, 3, 7
List the prime factors of 495.
3, 5, 11
List the prime factors of 55776.
2, 3, 7, 83
List the prime factors of 7465.
5, 1493
List the prime factors of 1860.
2, 3, 5, 31
What are the prime factors of 3066?
2, 3, 7, 73
What are the prime factors of 2112?
2, 3, 11
What are the prime factors of 1656?
2, 3, 23
List the prime factors of 1730.
2, 5, 173
What are the prime factors of 583?
11, 53
List the prime factors of 10401.
3, 3467
List the prime factors of 50059.
113, 443
What are the prime factors of 2464?
2, 7, 11
What are the prime factors of 8049?
3, 2683
List the prime factors of 326.
2, 163
List the prime factors of 208.
2, 13
List the prime factors of 68208.
2, 3, 7, 29
What are the prime factors of 10739?
10739
List the prime factors of 285.
3, 5, 19
List the prime factors of 916.
2, 229
List the prime factors of 52428.
2, 3, 17, 257
What are the prime factors of 61578?
2, 3, 11, 311
List the prime factors of 11534.
2, 73, 79
What are the prime factors of 124816?
2, 29, 269
List the prime factors of 36459.
3, 4051
List the prime factors of 24932.
2, 23, 271
List the prime factors of 2011.
2011
List the prime factors of 244.
2, 61
What are the prime factors of 10956?
2, 3, 11, 83
List the prime factors of 1342.
2, 11, 61
List the prime factors of 4270.
2, 5, 7, 61
List the prime factors of 591.
3, 197
What are the prime factors of 21091?
7, 23, 131
List the prime factors of 82472.
2, 13, 61
List the prime factors of 501.
3, 167
What are the prime factors of 23807?
7, 19, 179
What are the prime factors of 118507?
17, 6971
What are the prime factors of 762?
2, 3, 127
What are the prime factors of 1009?
1009
List the prime factors of 34879.
13, 2683
List the prime factors of 26983.
11, 223
What are the prime factors of 699?
3, 233
What are the prime factors of 63936?
2, 3, 37
List the prime factors of 696.
2, 3, 29
What are the prime factors of 1004?
2, 251
List the prime factors of 471.
3, 157
List the prime factors of 9052.
2, 31, 73
What are the prime factors of 645?
3, 5, 43
List the prime factors of 52903.
52903
List the prime factors of 82819.
11, 7529
List the prime factors of 20867.
7, 11, 271
List the prime factors of 70342.
2, 35171
List the prime factors of 7068.
2, 3, 19, 31
List the prime factors of 4523.
4523
List the prime factors of 3290.
2, 5, 7, 47
List the prime factors of 17893.
29, 617
List the prime factors of 9910.
2, 5, 991
What are the prime factors of 3569?
43, 83
List the prime factors of 19700.
2, 5, 197
What are the prime factors of 11703?
3, 47, 83
What are the prime factors of 1287?
3, 11, 13
What are the prime factors of 1435?
5, 7, 41
List the prime factors of 3120.
2, 3, 5, 13
What are the prime factors of 27629?
7, 3947
What are the prime factors of 138665?
5, 27733
List the prime factors of 924.
2, 3, 7, 11
List the prime factors of 3028.
2, 757
List the prime factors of 36416.
2, 569
List the prime factors of 1392.
2, 3, 29
What are the prime factors of 91?
7, 13
What are the prime factors of 1723?
1723
List the prime factors of 896.
2, 7
What are the prime factors of 1925?
5, 7, 11
List the prime factors of 40482.
2, 3, 13, 173
List the prime factors of 8715.
3, 5, 7, 83
What are the prime factors of 1452?
2, 3, 11
What are the prime factors of 139289?
19, 7331
What are the prime factors of 620?
2, 5, 31
What are the prime factors of 823?
823
What are the prime factors of 27633?
3, 61, 151
List the prime factors of 1754.
2, 877
List the prime factors of 704.
2, 11
What are the prime factors of 899?
29, 31
List the prime factors of 21039.
3, 7013
What are the prime factors of 46855?
5, 9371
List the prime factors of 21861.
3, 7, 347
What are the prime factors of 96963?
3, 32321
List the prime factors of 15788.
2, 3947
What are the prime factors of 17264?
2, 13, 83
What are the prime factors of 23718?
2, 3, 59, 67
What are the prime factors of 556?
2, 139
List the prime factors of 831.
3, 277
List the prime factors of 376.
2, 47
List the prime factors of 1569.
3, 523
List the prime factors of 1611.
3, 179
List the prime factors of 12110.
2, 5, 7, 173
List the prime factors of 5828.
2, 31, 47
List the prime factors of 25346.
2, 19, 23, 29
List the prime factors of 67564.
2, 7, 19, 127
What are the prime factors of 2411?
2411
List the prime factors of 3042.
2, 3, 13
List the prime factors of 59.
59
What are the prime factors of 121427?
31, 3917
List the prime factors of 15.
3, 5
What are the prime factors of 27209?
7, 13, 23
What are the prime factors of 115775?
5, 11, 421
List the prime factors of 14048.
2, 439
What are the prime factors of 5075?
5, 7, 29
List the prime factors of 5857.
5857
List the prime factors of 1866.
2, 3, 311
What are the prime factors of 505?
5, 101
What are the prime factors of 1513?
17, 89
What are the prime factors of 504?
2, 3,